Last updated on 2022-04-24 03:52:41 CEST.
Flavor | Version | Tinstall | Tcheck | Ttotal | Status | Flags |
---|---|---|---|---|---|---|
r-devel-linux-x86_64-debian-clang | 0.1 | 2.12 | 35.52 | 37.64 | OK | |
r-devel-linux-x86_64-debian-gcc | 0.1 | 1.56 | 27.18 | 28.74 | OK | |
r-devel-linux-x86_64-fedora-clang | 0.1 | 45.43 | NOTE | |||
r-devel-linux-x86_64-fedora-gcc | 0.1 | 36.16 | NOTE | |||
r-patched-linux-x86_64 | 0.1 | 2.18 | 34.23 | 36.41 | OK | |
r-release-linux-x86_64 | 0.1 | 1.41 | 32.25 | 33.66 | OK | |
r-release-macos-arm64 | 0.1 | NOTE | ||||
r-release-macos-x86_64 | 0.1 | NOTE | ||||
r-release-windows-x86_64 | 0.1 | 11.00 | 51.00 | 62.00 | OK | |
r-oldrel-macos-arm64 | 0.1 | NOTE | ||||
r-oldrel-macos-x86_64 | 0.1 | NOTE | ||||
r-oldrel-windows-ix86+x86_64 | 0.1 | 6.00 | 42.00 | 48.00 | OK |
Version: 0.1
Check: data for non-ASCII characters
Result: NOTE
Note: found 4102 marked UTF-8 strings
Flavors: r-devel-linux-x86_64-fedora-clang, r-devel-linux-x86_64-fedora-gcc, r-release-macos-arm64, r-release-macos-x86_64, r-oldrel-macos-arm64, r-oldrel-macos-x86_64