Last updated on 2022-04-24 03:52:41 CEST.
Flavor | Version | Tinstall | Tcheck | Ttotal | Status | Flags |
---|---|---|---|---|---|---|
r-devel-linux-x86_64-debian-clang | 1.0.1 | 17.30 | 454.45 | 471.75 | OK | |
r-devel-linux-x86_64-debian-gcc | 1.0.1 | 13.63 | 327.40 | 341.03 | OK | |
r-devel-linux-x86_64-fedora-clang | 1.0.1 | 530.51 | NOTE | |||
r-devel-linux-x86_64-fedora-gcc | 1.0.1 | 539.20 | NOTE | |||
r-patched-linux-x86_64 | 1.0.1 | 14.23 | 420.53 | 434.76 | OK | |
r-release-linux-x86_64 | 1.0.1 | 9.60 | 417.15 | 426.75 | OK | |
r-release-macos-arm64 | 1.0.1 | NOTE | ||||
r-release-macos-x86_64 | 1.0.1 | NOTE | ||||
r-release-windows-x86_64 | 1.0.1 | 47.00 | 483.00 | 530.00 | OK | |
r-oldrel-macos-arm64 | 1.0.1 | NOTE | ||||
r-oldrel-macos-x86_64 | 1.0.1 | NOTE | ||||
r-oldrel-windows-ix86+x86_64 | 1.0.1 | 32.00 | 499.00 | 531.00 | OK |
Version: 1.0.1
Check: package dependencies
Result: NOTE
Imports includes 29 non-default packages.
Importing from so many packages makes the package vulnerable to any of
them becoming unavailable. Move as many as possible to Suggests and
use conditionally.
Flavor: r-devel-linux-x86_64-fedora-clang
Version: 1.0.1
Check: dependencies in R code
Result: NOTE
Namespaces in Imports field not imported from:
‘foreign’ ‘grid’ ‘intergraph’ ‘lordif’ ‘survey’
All declared Imports should be used.
Flavors: r-devel-linux-x86_64-fedora-clang, r-devel-linux-x86_64-fedora-gcc, r-release-macos-arm64, r-release-macos-x86_64, r-oldrel-macos-arm64, r-oldrel-macos-x86_64