Last updated on 2022-04-24 03:52:41 CEST.
Flavor | Version | Tinstall | Tcheck | Ttotal | Status | Flags |
---|---|---|---|---|---|---|
r-devel-linux-x86_64-debian-clang | 0.2 | 2.21 | 44.40 | 46.61 | NOTE | |
r-devel-linux-x86_64-debian-gcc | 0.2 | 1.71 | 32.88 | 34.59 | NOTE | |
r-devel-linux-x86_64-fedora-clang | 0.2 | 56.53 | NOTE | |||
r-devel-linux-x86_64-fedora-gcc | 0.2 | 47.22 | NOTE | |||
r-patched-linux-x86_64 | 0.2 | 2.82 | 43.21 | 46.03 | NOTE | |
r-release-linux-x86_64 | 0.2 | 2.55 | 42.24 | 44.79 | NOTE | |
r-release-macos-arm64 | 0.2 | NOTE | ||||
r-release-macos-x86_64 | 0.2 | NOTE | ||||
r-release-windows-x86_64 | 0.2 | 24.00 | 59.00 | 83.00 | NOTE | |
r-oldrel-macos-arm64 | 0.2 | NOTE | ||||
r-oldrel-macos-x86_64 | 0.2 | NOTE | ||||
r-oldrel-windows-ix86+x86_64 | 0.2 | 5.00 | 38.00 | 43.00 | NOTE |
Version: 0.2
Check: DESCRIPTION meta-information
Result: NOTE
Malformed Description field: should contain one or more complete sentences.
Flavors: r-devel-linux-x86_64-debian-clang, r-devel-linux-x86_64-debian-gcc, r-devel-linux-x86_64-fedora-clang, r-devel-linux-x86_64-fedora-gcc, r-patched-linux-x86_64, r-release-linux-x86_64, r-release-macos-arm64, r-release-macos-x86_64, r-release-windows-x86_64, r-oldrel-macos-arm64, r-oldrel-macos-x86_64, r-oldrel-windows-ix86+x86_64
Version: 0.2
Check: R code for possible problems
Result: NOTE
Bundesliga.Mannschaft: no visible global function definition for 'data'
Bundesliga.Mannschaft: no visible binding for global variable
'Bundesliga'
Bundesliga.Tabelle: no visible global function definition for 'data'
Bundesliga.Tabelle: no visible binding for global variable 'Bundesliga'
Bundesliga.XML: no visible global function definition for 'data'
Bundesliga.XML: no visible binding for global variable 'Bundesliga'
sens.spec: no visible global function definition for 'na.omit'
Undefined global functions or variables:
Bundesliga data na.omit
Consider adding
importFrom("stats", "na.omit")
importFrom("utils", "data")
to your NAMESPACE file.
Found the following calls to data() loading into the global environment:
File 'wikibooks/R/Bundesliga.Mannschaft.R':
data(Bundesliga)
File 'wikibooks/R/Bundesliga.Tabelle.R':
data(Bundesliga)
File 'wikibooks/R/Bundesliga.XML.R':
data(Bundesliga)
See section 'Good practice' in '?data'.
Flavors: r-devel-linux-x86_64-debian-clang, r-devel-linux-x86_64-debian-gcc, r-devel-linux-x86_64-fedora-clang, r-patched-linux-x86_64, r-release-linux-x86_64
Version: 0.2
Check: for non-standard things in the check directory
Result: NOTE
Found the following files/directories:
'Bundesliga.xml' 'myfile.xml'
Flavors: r-devel-linux-x86_64-debian-clang, r-devel-linux-x86_64-debian-gcc, r-devel-linux-x86_64-fedora-clang, r-devel-linux-x86_64-fedora-gcc, r-patched-linux-x86_64, r-release-linux-x86_64
Version: 0.2
Check: R code for possible problems
Result: NOTE
Bundesliga.Mannschaft: no visible global function definition for ‘data’
Bundesliga.Mannschaft: no visible binding for global variable
‘Bundesliga’
Bundesliga.Tabelle: no visible global function definition for ‘data’
Bundesliga.Tabelle: no visible binding for global variable ‘Bundesliga’
Bundesliga.XML: no visible global function definition for ‘data’
Bundesliga.XML: no visible binding for global variable ‘Bundesliga’
sens.spec: no visible global function definition for ‘na.omit’
Undefined global functions or variables:
Bundesliga data na.omit
Consider adding
importFrom("stats", "na.omit")
importFrom("utils", "data")
to your NAMESPACE file.
Flavors: r-devel-linux-x86_64-fedora-gcc, r-release-macos-arm64, r-release-macos-x86_64, r-release-windows-x86_64, r-oldrel-macos-arm64, r-oldrel-macos-x86_64, r-oldrel-windows-ix86+x86_64