Last updated on 2022-04-24 03:52:41 CEST.
Flavor | Version | Tinstall | Tcheck | Ttotal | Status | Flags |
---|---|---|---|---|---|---|
r-devel-linux-x86_64-debian-clang | 0.4.0 | 3.47 | 42.69 | 46.16 | OK | |
r-devel-linux-x86_64-debian-gcc | 0.4.0 | 2.64 | 32.63 | 35.27 | OK | |
r-devel-linux-x86_64-fedora-clang | 0.4.0 | 55.84 | NOTE | |||
r-devel-linux-x86_64-fedora-gcc | 0.4.0 | 45.76 | OK | |||
r-patched-linux-x86_64 | 0.4.0 | 3.62 | 39.98 | 43.60 | OK | |
r-release-linux-x86_64 | 0.4.0 | 2.01 | 39.35 | 41.36 | OK | |
r-release-macos-arm64 | 0.4.0 | OK | ||||
r-release-macos-x86_64 | 0.4.0 | OK | ||||
r-release-windows-x86_64 | 0.4.0 | 43.00 | 64.00 | 107.00 | OK | |
r-oldrel-macos-arm64 | 0.4.0 | OK | ||||
r-oldrel-macos-x86_64 | 0.4.0 | OK | ||||
r-oldrel-windows-ix86+x86_64 | 0.4.0 | 8.00 | 53.00 | 61.00 | OK |
Version: 0.4.0
Check: Rd cross-references
Result: NOTE
Undeclared package ‘httr’ in Rd xrefs
Flavor: r-devel-linux-x86_64-fedora-clang