Last updated on 2022-04-24 03:52:41 CEST.
Flavor | Version | Tinstall | Tcheck | Ttotal | Status | Flags |
---|---|---|---|---|---|---|
r-devel-linux-x86_64-debian-clang | 0.1.2 | 46.43 | 95.36 | 141.79 | OK | |
r-devel-linux-x86_64-debian-gcc | 0.1.2 | 36.61 | 72.15 | 108.76 | OK | |
r-devel-linux-x86_64-fedora-clang | 0.1.2 | 177.19 | NOTE | |||
r-devel-linux-x86_64-fedora-gcc | 0.1.2 | 172.88 | NOTE | |||
r-patched-linux-x86_64 | 0.1.2 | 38.07 | 89.74 | 127.81 | OK | |
r-release-linux-x86_64 | 0.1.2 | 32.77 | 85.97 | 118.74 | OK | |
r-release-macos-arm64 | 0.1.2 | NOTE | ||||
r-release-macos-x86_64 | 0.1.2 | NOTE | ||||
r-release-windows-x86_64 | 0.1.2 | 52.00 | 113.00 | 165.00 | OK | |
r-oldrel-macos-arm64 | 0.1.2 | NOTE | ||||
r-oldrel-macos-x86_64 | 0.1.2 | NOTE | ||||
r-oldrel-windows-ix86+x86_64 | 0.1.2 | 69.00 | 107.00 | 176.00 | OK |
Version: 0.1.2
Check: dependencies in R code
Result: NOTE
Namespaces in Imports field not imported from:
‘ggplot2’ ‘ggthemes’ ‘plotly’ ‘shinythemes’
All declared Imports should be used.
Flavors: r-devel-linux-x86_64-fedora-clang, r-devel-linux-x86_64-fedora-gcc, r-release-macos-arm64, r-release-macos-x86_64, r-oldrel-macos-arm64, r-oldrel-macos-x86_64
Version: 0.1.2
Check: installed package size
Result: NOTE
installed size is 5.5Mb
sub-directories of 1Mb or more:
data 5.1Mb
Flavors: r-release-macos-arm64, r-oldrel-macos-arm64