Last updated on 2022-04-24 03:52:41 CEST.
Flavor | Version | Tinstall | Tcheck | Ttotal | Status | Flags |
---|---|---|---|---|---|---|
r-devel-linux-x86_64-debian-clang | 1.0.1 | 3.44 | 31.64 | 35.08 | NOTE | |
r-devel-linux-x86_64-debian-gcc | 1.0.1 | 2.43 | 24.39 | 26.82 | NOTE | |
r-devel-linux-x86_64-fedora-clang | 1.0.1 | 41.65 | NOTE | |||
r-devel-linux-x86_64-fedora-gcc | 1.0.1 | 29.11 | NOTE | |||
r-patched-linux-x86_64 | 1.0.1 | 2.49 | 30.50 | 32.99 | NOTE | |
r-release-linux-x86_64 | 1.0.1 | 2.82 | 29.90 | 32.72 | NOTE | |
r-release-macos-arm64 | 1.0.1 | NOTE | ||||
r-release-macos-x86_64 | 1.0.1 | NOTE | ||||
r-release-windows-x86_64 | 1.0.1 | 19.00 | 48.00 | 67.00 | NOTE | |
r-oldrel-macos-arm64 | 1.0.1 | NOTE | ||||
r-oldrel-macos-x86_64 | 1.0.1 | NOTE | ||||
r-oldrel-windows-ix86+x86_64 | 1.0.1 | 9.00 | 38.00 | 47.00 | NOTE |
Version: 1.0.1
Check: LazyData
Result: NOTE
'LazyData' is specified without a 'data' directory
Flavors: r-devel-linux-x86_64-debian-clang, r-devel-linux-x86_64-debian-gcc, r-devel-linux-x86_64-fedora-clang, r-devel-linux-x86_64-fedora-gcc, r-patched-linux-x86_64, r-release-linux-x86_64, r-release-macos-arm64, r-release-macos-x86_64, r-release-windows-x86_64, r-oldrel-macos-arm64, r-oldrel-macos-x86_64, r-oldrel-windows-ix86+x86_64
Version: 1.0.1
Check: package dependencies
Result: NOTE
Imports includes 22 non-default packages.
Importing from so many packages makes the package vulnerable to any of
them becoming unavailable. Move as many as possible to Suggests and
use conditionally.
Flavor: r-devel-linux-x86_64-fedora-clang
Version: 1.0.1
Check: installed package size
Result: NOTE
installed size is 7.2Mb
sub-directories of 1Mb or more:
bn 7.1Mb
Flavors: r-devel-linux-x86_64-fedora-clang, r-release-macos-arm64, r-release-macos-x86_64, r-release-windows-x86_64, r-oldrel-macos-arm64, r-oldrel-macos-x86_64, r-oldrel-windows-ix86+x86_64
Version: 1.0.1
Check: dependencies in R code
Result: NOTE
Namespaces in Imports field not imported from:
‘DT’ ‘DescTools’ ‘HydeNet’ ‘RBGL’ ‘Rgraphviz’ ‘arules’ ‘bnlearn’
‘dplyr’ ‘graph’ ‘igraph’ ‘linkcomm’ ‘missRanger’ ‘parallel’ ‘psych’
‘rhandsontable’ ‘rintrojs’ ‘shinyBS’ ‘shinyWidgets’ ‘shinyalert’
‘shinycssloaders’ ‘shinydashboard’ ‘tools’ ‘visNetwork’
All declared Imports should be used.
Flavors: r-devel-linux-x86_64-fedora-clang, r-devel-linux-x86_64-fedora-gcc, r-release-macos-arm64, r-release-macos-x86_64, r-oldrel-macos-arm64, r-oldrel-macos-x86_64