Last updated on 2022-04-24 03:52:42 CEST.
Flavor | Version | Tinstall | Tcheck | Ttotal | Status | Flags |
---|---|---|---|---|---|---|
r-devel-linux-x86_64-debian-clang | 0.1.1 | 95.98 | 46.90 | 142.88 | NOTE | |
r-devel-linux-x86_64-debian-gcc | 0.1.1 | 78.07 | 36.48 | 114.55 | NOTE | |
r-devel-linux-x86_64-fedora-clang | 0.1.1 | 0.00 | NOTE | |||
r-devel-linux-x86_64-fedora-gcc | 0.1.1 | 191.89 | NOTE | |||
r-patched-linux-x86_64 | 0.1.1 | 83.59 | 44.81 | 128.40 | NOTE | |
r-release-linux-x86_64 | 0.1.1 | 83.02 | 44.53 | 127.55 | NOTE | |
r-release-macos-arm64 | 0.1.1 | NOTE | ||||
r-release-macos-x86_64 | 0.1.1 | NOTE | ||||
r-release-windows-x86_64 | 0.1.1 | 89.00 | 94.00 | 183.00 | NOTE | |
r-oldrel-macos-arm64 | 0.1.1 | NOTE | ||||
r-oldrel-macos-x86_64 | 0.1.1 | NOTE | ||||
r-oldrel-windows-ix86+x86_64 | 0.1.1 | 223.00 | 90.00 | 313.00 | NOTE |
Version: 0.1.1
Check: LazyData
Result: NOTE
'LazyData' is specified without a 'data' directory
Flavors: r-devel-linux-x86_64-debian-clang, r-devel-linux-x86_64-debian-gcc, r-devel-linux-x86_64-fedora-clang, r-devel-linux-x86_64-fedora-gcc, r-patched-linux-x86_64, r-release-linux-x86_64, r-release-macos-arm64, r-release-macos-x86_64, r-release-windows-x86_64, r-oldrel-macos-arm64, r-oldrel-macos-x86_64, r-oldrel-windows-ix86+x86_64