Last updated on 2022-04-24 03:52:42 CEST.
Flavor | Version | Tinstall | Tcheck | Ttotal | Status | Flags |
---|---|---|---|---|---|---|
r-devel-linux-x86_64-debian-clang | 1.0.4 | 243.99 | 304.58 | 548.57 | OK | |
r-devel-linux-x86_64-debian-gcc | 1.0.4 | 196.35 | 238.31 | 434.66 | OK | |
r-devel-linux-x86_64-fedora-clang | 1.0.4 | 715.60 | NOTE | |||
r-devel-linux-x86_64-fedora-gcc | 1.0.4 | 738.01 | OK | |||
r-patched-linux-x86_64 | 1.0.4 | 207.59 | 263.33 | 470.92 | OK | |
r-release-linux-x86_64 | 1.0.4 | 213.55 | 250.69 | 464.24 | OK | |
r-release-macos-arm64 | 1.0.4 | NOTE | ||||
r-release-macos-x86_64 | 1.0.4 | NOTE | ||||
r-release-windows-x86_64 | 1.0.4 | 191.00 | 284.00 | 475.00 | OK | |
r-oldrel-macos-arm64 | 1.0.4 | NOTE | ||||
r-oldrel-macos-x86_64 | 1.0.4 | NOTE | ||||
r-oldrel-windows-ix86+x86_64 | 1.0.4 | 510.00 | 397.00 | 907.00 | OK |
Version: 1.0.4
Check: installed package size
Result: NOTE
installed size is 7.0Mb
sub-directories of 1Mb or more:
libs 6.2Mb
Flavors: r-devel-linux-x86_64-fedora-clang, r-release-macos-arm64, r-release-macos-x86_64, r-oldrel-macos-arm64, r-oldrel-macos-x86_64