Last updated on 2022-04-24 03:52:42 CEST.
Flavor | Version | Tinstall | Tcheck | Ttotal | Status | Flags |
---|---|---|---|---|---|---|
r-devel-linux-x86_64-debian-clang | 0.3.4 | 120.08 | 45.91 | 165.99 | OK | |
r-devel-linux-x86_64-debian-gcc | 0.3.4 | 95.47 | 35.23 | 130.70 | OK | |
r-devel-linux-x86_64-fedora-clang | 0.3.4 | 258.17 | OK | |||
r-devel-linux-x86_64-fedora-gcc | 0.3.4 | 225.35 | OK | |||
r-patched-linux-x86_64 | 0.3.4 | 100.99 | 43.50 | 144.49 | OK | |
r-release-linux-x86_64 | 0.3.4 | 100.67 | 42.43 | 143.10 | OK | |
r-release-macos-arm64 | 0.3.4 | NOTE | ||||
r-release-macos-x86_64 | 0.3.4 | OK | ||||
r-release-windows-x86_64 | 0.3.4 | 124.00 | 93.00 | 217.00 | OK | |
r-oldrel-macos-arm64 | 0.3.4 | NOTE | ||||
r-oldrel-macos-x86_64 | 0.3.4 | OK | ||||
r-oldrel-windows-ix86+x86_64 | 0.3.4 | 286.00 | 82.00 | 368.00 | OK |
Version: 0.3.4
Check: installed package size
Result: NOTE
installed size is 5.9Mb
sub-directories of 1Mb or more:
libs 5.6Mb
Flavors: r-release-macos-arm64, r-oldrel-macos-arm64