Last updated on 2022-04-24 03:52:42 CEST.
Flavor | Version | Tinstall | Tcheck | Ttotal | Status | Flags |
---|---|---|---|---|---|---|
r-devel-linux-x86_64-debian-clang | 2.6 | 17.31 | 44.04 | 61.35 | OK | |
r-devel-linux-x86_64-debian-gcc | 2.6 | 17.20 | 34.06 | 51.26 | OK | |
r-devel-linux-x86_64-fedora-clang | 2.6 | 85.19 | NOTE | |||
r-devel-linux-x86_64-fedora-gcc | 2.6 | 72.29 | NOTE | |||
r-patched-linux-x86_64 | 2.6 | 14.57 | 43.21 | 57.78 | OK | |
r-release-linux-x86_64 | 2.6 | 15.04 | 41.64 | 56.68 | OK | |
r-release-macos-arm64 | 2.6 | NOTE | ||||
r-release-macos-x86_64 | 2.6 | NOTE | ||||
r-release-windows-x86_64 | 2.6 | 29.00 | 78.00 | 107.00 | OK | |
r-oldrel-macos-arm64 | 2.6 | NOTE | ||||
r-oldrel-macos-x86_64 | 2.6 | NOTE | ||||
r-oldrel-windows-ix86+x86_64 | 2.6 | 50.00 | 82.00 | 132.00 | OK |
Version: 2.6
Check: data for non-ASCII characters
Result: NOTE
Note: found 2 marked UTF-8 strings
Flavors: r-devel-linux-x86_64-fedora-clang, r-devel-linux-x86_64-fedora-gcc, r-release-macos-arm64, r-release-macos-x86_64, r-oldrel-macos-arm64, r-oldrel-macos-x86_64