Last updated on 2022-04-24 03:52:42 CEST.
Flavor | Version | Tinstall | Tcheck | Ttotal | Status | Flags |
---|---|---|---|---|---|---|
r-devel-linux-x86_64-debian-clang | 0.2.1 | 2.73 | 42.68 | 45.41 | OK | |
r-devel-linux-x86_64-debian-gcc | 0.2.1 | 2.58 | 32.74 | 35.32 | OK | |
r-devel-linux-x86_64-fedora-clang | 0.2.1 | 57.08 | NOTE | |||
r-devel-linux-x86_64-fedora-gcc | 0.2.1 | 45.37 | NOTE | |||
r-patched-linux-x86_64 | 0.2.1 | 3.36 | 40.28 | 43.64 | OK | |
r-release-linux-x86_64 | 0.2.1 | 2.85 | 39.38 | 42.23 | OK | |
r-release-macos-arm64 | 0.2.1 | NOTE | ||||
r-release-macos-x86_64 | 0.2.1 | WARN | ||||
r-release-windows-x86_64 | 0.2.1 | 31.00 | 62.00 | 93.00 | OK | |
r-oldrel-macos-arm64 | 0.2.1 | NOTE | ||||
r-oldrel-macos-x86_64 | 0.2.1 | WARN | ||||
r-oldrel-windows-ix86+x86_64 | 0.2.1 | 8.00 | 51.00 | 59.00 | OK |
Version: 0.2.1
Check: data for non-ASCII characters
Result: NOTE
Note: found 933 marked UTF-8 strings
Flavors: r-devel-linux-x86_64-fedora-clang, r-devel-linux-x86_64-fedora-gcc, r-release-macos-arm64, r-release-macos-x86_64, r-oldrel-macos-arm64, r-oldrel-macos-x86_64
Version: 0.2.1
Check: re-building of vignette outputs
Result: WARN
Error(s) in re-building vignettes:
...
--- re-building ‘wordcloud.Rmd’ using rmarkdown
Warning in engine$weave(file, quiet = quiet, encoding = enc) :
Pandoc (>= 1.12.3) not available. Falling back to R Markdown v1.
Quitting from lines 37-39 (wordcloud.Rmd)
Error: processing vignette 'wordcloud.Rmd' failed with diagnostics:
invalid 'path' argument
--- failed re-building ‘wordcloud.Rmd’
SUMMARY: processing the following file failed:
‘wordcloud.Rmd’
Error: Vignette re-building failed.
Execution halted
Flavors: r-release-macos-x86_64, r-oldrel-macos-x86_64