Last updated on 2022-04-24 03:52:42 CEST.
Flavor | Version | Tinstall | Tcheck | Ttotal | Status | Flags |
---|---|---|---|---|---|---|
r-devel-linux-x86_64-debian-clang | 0.1.0 | 2.43 | 39.45 | 41.88 | OK | |
r-devel-linux-x86_64-debian-gcc | 0.1.0 | 2.20 | 30.06 | 32.26 | OK | |
r-devel-linux-x86_64-fedora-clang | 0.1.0 | 51.41 | NOTE | |||
r-devel-linux-x86_64-fedora-gcc | 0.1.0 | 41.91 | NOTE | |||
r-patched-linux-x86_64 | 0.1.0 | 2.22 | 36.80 | 39.02 | OK | |
r-release-linux-x86_64 | 0.1.0 | 1.72 | 36.90 | 38.62 | OK | |
r-release-macos-arm64 | 0.1.0 | NOTE | ||||
r-release-macos-x86_64 | 0.1.0 | NOTE | ||||
r-release-windows-x86_64 | 0.1.0 | 19.00 | 60.00 | 79.00 | OK | |
r-oldrel-macos-arm64 | 0.1.0 | NOTE | ||||
r-oldrel-macos-x86_64 | 0.1.0 | NOTE | ||||
r-oldrel-windows-ix86+x86_64 | 0.1.0 | 8.00 | 49.00 | 57.00 | OK |
Version: 0.1.0
Check: data for non-ASCII characters
Result: NOTE
Note: found 6738 marked UTF-8 strings
Flavors: r-devel-linux-x86_64-fedora-clang, r-devel-linux-x86_64-fedora-gcc, r-release-macos-arm64, r-release-macos-x86_64, r-oldrel-macos-arm64, r-oldrel-macos-x86_64