Last updated on 2022-04-24 03:52:42 CEST.
Flavor | Version | Tinstall | Tcheck | Ttotal | Status | Flags |
---|---|---|---|---|---|---|
r-devel-linux-x86_64-debian-clang | 0.1-15 | 4.15 | 54.94 | 59.09 | OK | |
r-devel-linux-x86_64-debian-gcc | 0.1-15 | 3.08 | 41.66 | 44.74 | OK | |
r-devel-linux-x86_64-fedora-clang | 0.1-15 | 70.45 | OK | |||
r-devel-linux-x86_64-fedora-gcc | 0.1-15 | 64.02 | OK | |||
r-patched-linux-x86_64 | 0.1-15 | 4.03 | 53.74 | 57.77 | OK | |
r-release-linux-x86_64 | 0.1-15 | 3.58 | 50.44 | 54.02 | OK | |
r-release-macos-arm64 | 0.1-15 | NOTE | ||||
r-release-macos-x86_64 | 0.1-15 | NOTE | ||||
r-release-windows-x86_64 | 0.1-15 | 22.00 | 79.00 | 101.00 | NOTE | |
r-oldrel-macos-arm64 | 0.1-15 | NOTE | ||||
r-oldrel-macos-x86_64 | 0.1-15 | NOTE | ||||
r-oldrel-windows-ix86+x86_64 | 0.1-15 | 9.00 | 61.00 | 70.00 | OK |
Version: 0.1-15
Check: whether the namespace can be loaded with stated dependencies
Result: NOTE
Warning in initDict() :
cannot find WordNet 'dict' directory: please set the environment variable WNHOME to its parent
A namespace must be able to be loaded with just the base namespace
loaded: otherwise if the namespace gets loaded by a saved object, the
session will be unable to start.
Probably some imports need to be declared in the NAMESPACE file.
Flavors: r-release-macos-arm64, r-release-macos-x86_64, r-release-windows-x86_64, r-oldrel-macos-arm64, r-oldrel-macos-x86_64