Last updated on 2022-04-24 03:52:42 CEST.
Flavor | Version | Tinstall | Tcheck | Ttotal | Status | Flags |
---|---|---|---|---|---|---|
r-devel-linux-x86_64-debian-clang | 0.2.0 | 2.26 | 54.86 | 57.12 | OK | |
r-devel-linux-x86_64-debian-gcc | 0.2.0 | 1.76 | 40.08 | 41.84 | OK | |
r-devel-linux-x86_64-fedora-clang | 0.2.0 | 68.92 | NOTE | |||
r-devel-linux-x86_64-fedora-gcc | 0.2.0 | 57.48 | NOTE | |||
r-patched-linux-x86_64 | 0.2.0 | 2.33 | 50.36 | 52.69 | OK | |
r-release-linux-x86_64 | 0.2.0 | 1.72 | 48.63 | 50.35 | OK | |
r-release-macos-arm64 | 0.2.0 | NOTE | ||||
r-release-macos-x86_64 | 0.2.0 | NOTE | ||||
r-release-windows-x86_64 | 0.2.0 | 11.00 | 68.00 | 79.00 | OK | |
r-oldrel-macos-arm64 | 0.2.0 | NOTE | ||||
r-oldrel-macos-x86_64 | 0.2.0 | NOTE | ||||
r-oldrel-windows-ix86+x86_64 | 0.2.0 | 6.00 | 63.00 | 69.00 | OK |
Version: 0.2.0
Check: data for non-ASCII characters
Result: NOTE
Note: found 3 marked UTF-8 strings
Flavors: r-devel-linux-x86_64-fedora-clang, r-devel-linux-x86_64-fedora-gcc, r-release-macos-arm64, r-release-macos-x86_64, r-oldrel-macos-arm64, r-oldrel-macos-x86_64