Last updated on 2022-04-24 03:52:42 CEST.
Flavor | Version | Tinstall | Tcheck | Ttotal | Status | Flags |
---|---|---|---|---|---|---|
r-devel-linux-x86_64-debian-clang | 0.2.2 | 2.99 | 38.90 | 41.89 | NOTE | |
r-devel-linux-x86_64-debian-gcc | 0.2.2 | 1.92 | 30.32 | 32.24 | NOTE | |
r-devel-linux-x86_64-fedora-clang | 0.2.2 | 52.39 | NOTE | |||
r-devel-linux-x86_64-fedora-gcc | 0.2.2 | 41.90 | NOTE | |||
r-patched-linux-x86_64 | 0.2.2 | 3.20 | 37.56 | 40.76 | NOTE | |
r-release-linux-x86_64 | 0.2.2 | 2.71 | 35.91 | 38.62 | NOTE | |
r-release-macos-arm64 | 0.2.2 | OK | ||||
r-release-macos-x86_64 | 0.2.2 | OK | ||||
r-release-windows-x86_64 | 0.2.2 | 9.00 | 57.00 | 66.00 | OK | |
r-oldrel-macos-arm64 | 0.2.2 | OK | ||||
r-oldrel-macos-x86_64 | 0.2.2 | OK | ||||
r-oldrel-windows-ix86+x86_64 | 0.2.2 | 8.00 | 50.00 | 58.00 | OK |
Version: 0.2.2
Check: for non-standard things in the check directory
Result: NOTE
Found the following files/directories:
'aphiainfo.csv' 'tax.csv'
Flavors: r-devel-linux-x86_64-debian-clang, r-devel-linux-x86_64-debian-gcc, r-devel-linux-x86_64-fedora-clang, r-devel-linux-x86_64-fedora-gcc, r-patched-linux-x86_64, r-release-linux-x86_64