Last updated on 2022-04-24 03:52:42 CEST.
Flavor | Version | Tinstall | Tcheck | Ttotal | Status | Flags |
---|---|---|---|---|---|---|
r-devel-linux-x86_64-debian-clang | 1.0.1 | 20.35 | 36.94 | 57.29 | NOTE | |
r-devel-linux-x86_64-debian-gcc | 1.0.1 | 14.91 | 27.68 | 42.59 | NOTE | |
r-devel-linux-x86_64-fedora-clang | 1.0.1 | 76.92 | NOTE | |||
r-devel-linux-x86_64-fedora-gcc | 1.0.1 | 62.20 | NOTE | |||
r-patched-linux-x86_64 | 1.0.1 | 16.72 | 34.38 | 51.10 | NOTE | |
r-release-linux-x86_64 | 1.0.1 | 15.87 | 33.52 | 49.39 | NOTE | |
r-release-macos-arm64 | 1.0.1 | NOTE | ||||
r-release-macos-x86_64 | 1.0.1 | NOTE | ||||
r-release-windows-x86_64 | 1.0.1 | 26.00 | 72.00 | 98.00 | NOTE | |
r-oldrel-macos-arm64 | 1.0.1 | NOTE | ||||
r-oldrel-macos-x86_64 | 1.0.1 | NOTE | ||||
r-oldrel-windows-ix86+x86_64 | 1.0.1 | 49.00 | 59.00 | 108.00 | NOTE |
Version: 1.0.1
Check: Rd files
Result: NOTE
checkRd: (7) file 'wowa.Rd': \item in \value must have non-empty label
Flavors: r-devel-linux-x86_64-debian-clang, r-devel-linux-x86_64-debian-gcc, r-devel-linux-x86_64-fedora-clang, r-devel-linux-x86_64-fedora-gcc
Version: 1.0.1
Check: LazyData
Result: NOTE
'LazyData' is specified without a 'data' directory
Flavors: r-devel-linux-x86_64-debian-clang, r-devel-linux-x86_64-debian-gcc, r-devel-linux-x86_64-fedora-clang, r-devel-linux-x86_64-fedora-gcc, r-patched-linux-x86_64, r-release-linux-x86_64, r-release-macos-arm64, r-release-macos-x86_64, r-release-windows-x86_64, r-oldrel-macos-arm64, r-oldrel-macos-x86_64, r-oldrel-windows-ix86+x86_64