Last updated on 2022-04-24 03:52:42 CEST.
Flavor | Version | Tinstall | Tcheck | Ttotal | Status | Flags |
---|---|---|---|---|---|---|
r-devel-linux-x86_64-debian-clang | 1.0-1 | 2.01 | 30.53 | 32.54 | NOTE | |
r-devel-linux-x86_64-debian-gcc | 1.0-1 | 1.41 | 23.83 | 25.24 | NOTE | |
r-devel-linux-x86_64-fedora-clang | 1.0-1 | 39.27 | NOTE | |||
r-devel-linux-x86_64-fedora-gcc | 1.0-1 | 30.13 | NOTE | |||
r-patched-linux-x86_64 | 1.0-1 | 2.30 | 29.14 | 31.44 | NOTE | |
r-release-linux-x86_64 | 1.0-1 | 1.45 | 29.01 | 30.46 | NOTE | |
r-release-macos-arm64 | 1.0-1 | NOTE | ||||
r-release-macos-x86_64 | 1.0-1 | NOTE | ||||
r-release-windows-x86_64 | 1.0-1 | 20.00 | 58.00 | 78.00 | NOTE | |
r-oldrel-macos-arm64 | 1.0-1 | NOTE | ||||
r-oldrel-macos-x86_64 | 1.0-1 | NOTE | ||||
r-oldrel-windows-ix86+x86_64 | 1.0-1 | 5.00 | 29.00 | 34.00 | NOTE |
Version: 1.0-1
Check: DESCRIPTION meta-information
Result: NOTE
Malformed Description field: should contain one or more complete sentences.
Flavors: r-devel-linux-x86_64-debian-clang, r-devel-linux-x86_64-debian-gcc, r-devel-linux-x86_64-fedora-clang, r-devel-linux-x86_64-fedora-gcc, r-patched-linux-x86_64, r-release-linux-x86_64, r-release-macos-arm64, r-release-macos-x86_64, r-release-windows-x86_64, r-oldrel-macos-arm64, r-oldrel-macos-x86_64, r-oldrel-windows-ix86+x86_64
Version: 1.0-1
Check: Rd cross-references
Result: NOTE
Undeclared packages ‘wpp2010’, ‘wpp2012’ in Rd xrefs
Flavor: r-devel-linux-x86_64-fedora-clang