Last updated on 2022-04-24 03:52:42 CEST.
Flavor | Version | Tinstall | Tcheck | Ttotal | Status | Flags |
---|---|---|---|---|---|---|
r-devel-linux-x86_64-debian-clang | 1.2-0 | 1.77 | 34.17 | 35.94 | NOTE | |
r-devel-linux-x86_64-debian-gcc | 1.2-0 | 1.72 | 27.20 | 28.92 | NOTE | |
r-devel-linux-x86_64-fedora-clang | 1.2-0 | 44.96 | NOTE | |||
r-devel-linux-x86_64-fedora-gcc | 1.2-0 | 35.83 | NOTE | |||
r-patched-linux-x86_64 | 1.2-0 | 1.87 | 33.38 | 35.25 | NOTE | |
r-release-linux-x86_64 | 1.2-0 | 2.33 | 33.19 | 35.52 | NOTE | |
r-release-macos-arm64 | 1.2-0 | NOTE | ||||
r-release-macos-x86_64 | 1.2-0 | NOTE | ||||
r-release-windows-x86_64 | 1.2-0 | 25.00 | 60.00 | 85.00 | NOTE | |
r-oldrel-macos-arm64 | 1.2-0 | NOTE | ||||
r-oldrel-macos-x86_64 | 1.2-0 | NOTE | ||||
r-oldrel-windows-ix86+x86_64 | 1.2-0 | 6.00 | 30.00 | 36.00 | NOTE |
Version: 1.2-0
Check: DESCRIPTION meta-information
Result: NOTE
Malformed Description field: should contain one or more complete sentences.
Flavors: r-devel-linux-x86_64-debian-clang, r-devel-linux-x86_64-debian-gcc, r-devel-linux-x86_64-fedora-clang, r-devel-linux-x86_64-fedora-gcc, r-patched-linux-x86_64, r-release-linux-x86_64, r-release-macos-arm64, r-release-macos-x86_64, r-release-windows-x86_64, r-oldrel-macos-arm64, r-oldrel-macos-x86_64, r-oldrel-windows-ix86+x86_64
Version: 1.2-0
Check: installed package size
Result: NOTE
installed size is 6.7Mb
sub-directories of 1Mb or more:
data 6.6Mb
Flavors: r-devel-linux-x86_64-fedora-clang, r-release-macos-arm64, r-release-macos-x86_64, r-release-windows-x86_64, r-oldrel-macos-arm64, r-oldrel-macos-x86_64, r-oldrel-windows-ix86+x86_64