Last updated on 2022-04-24 03:52:42 CEST.
Flavor | Version | Tinstall | Tcheck | Ttotal | Status | Flags |
---|---|---|---|---|---|---|
r-devel-linux-x86_64-debian-clang | 2.2-1 | 2.50 | 46.32 | 48.82 | NOTE | |
r-devel-linux-x86_64-debian-gcc | 2.2-1 | 1.84 | 35.81 | 37.65 | NOTE | |
r-devel-linux-x86_64-fedora-clang | 2.2-1 | 58.60 | NOTE | |||
r-devel-linux-x86_64-fedora-gcc | 2.2-1 | 49.86 | NOTE | |||
r-patched-linux-x86_64 | 2.2-1 | 2.50 | 43.45 | 45.95 | NOTE | |
r-release-linux-x86_64 | 2.2-1 | 2.10 | 43.09 | 45.19 | NOTE | |
r-release-macos-arm64 | 2.2-1 | NOTE | ||||
r-release-macos-x86_64 | 2.2-1 | NOTE | ||||
r-release-windows-x86_64 | 2.2-1 | 35.00 | 74.00 | 109.00 | NOTE | |
r-oldrel-macos-arm64 | 2.2-1 | NOTE | ||||
r-oldrel-macos-x86_64 | 2.2-1 | NOTE | ||||
r-oldrel-windows-ix86+x86_64 | 2.2-1 | 7.00 | 44.00 | 51.00 | NOTE |
Version: 2.2-1
Check: DESCRIPTION meta-information
Result: NOTE
Malformed Description field: should contain one or more complete sentences.
Flavors: r-devel-linux-x86_64-debian-clang, r-devel-linux-x86_64-debian-gcc, r-devel-linux-x86_64-fedora-clang, r-devel-linux-x86_64-fedora-gcc, r-patched-linux-x86_64, r-release-linux-x86_64, r-release-macos-arm64, r-release-macos-x86_64, r-release-windows-x86_64, r-oldrel-macos-arm64, r-oldrel-macos-x86_64, r-oldrel-windows-ix86+x86_64
Version: 2.2-1
Check: installed package size
Result: NOTE
installed size is 12.8Mb
sub-directories of 1Mb or more:
data 12.7Mb
Flavors: r-devel-linux-x86_64-fedora-clang, r-release-macos-arm64, r-release-macos-x86_64, r-release-windows-x86_64, r-oldrel-macos-arm64, r-oldrel-macos-x86_64, r-oldrel-windows-ix86+x86_64