Last updated on 2022-04-24 03:52:42 CEST.
Flavor | Version | Tinstall | Tcheck | Ttotal | Status | Flags |
---|---|---|---|---|---|---|
r-devel-linux-x86_64-debian-clang | 1.1-2 | 2.06 | 53.73 | 55.79 | OK | |
r-devel-linux-x86_64-debian-gcc | 1.1-2 | 2.55 | 41.16 | 43.71 | OK | |
r-devel-linux-x86_64-fedora-clang | 1.1-2 | 66.77 | NOTE | |||
r-devel-linux-x86_64-fedora-gcc | 1.1-2 | 58.25 | OK | |||
r-patched-linux-x86_64 | 1.1-2 | 2.83 | 50.49 | 53.32 | OK | |
r-release-linux-x86_64 | 1.1-2 | 2.72 | 48.61 | 51.33 | OK | |
r-release-macos-arm64 | 1.1-2 | NOTE | ||||
r-release-macos-x86_64 | 1.1-2 | NOTE | ||||
r-release-windows-x86_64 | 1.1-2 | 29.00 | 82.00 | 111.00 | NOTE | |
r-oldrel-macos-arm64 | 1.1-2 | NOTE | ||||
r-oldrel-macos-x86_64 | 1.1-2 | NOTE | ||||
r-oldrel-windows-ix86+x86_64 | 1.1-2 | 9.00 | 68.00 | 77.00 | NOTE |
Version: 1.1-2
Check: installed package size
Result: NOTE
installed size is 11.4Mb
sub-directories of 1Mb or more:
data 11.2Mb
Flavors: r-devel-linux-x86_64-fedora-clang, r-release-macos-arm64, r-release-macos-x86_64, r-release-windows-x86_64, r-oldrel-macos-arm64, r-oldrel-macos-x86_64, r-oldrel-windows-ix86+x86_64