Last updated on 2022-04-24 03:52:42 CEST.
Flavor | Version | Tinstall | Tcheck | Ttotal | Status | Flags |
---|---|---|---|---|---|---|
r-devel-linux-x86_64-debian-clang | 1.2-3 | 3.02 | 67.54 | 70.56 | OK | |
r-devel-linux-x86_64-debian-gcc | 1.2-3 | 2.60 | 51.62 | 54.22 | OK | |
r-devel-linux-x86_64-fedora-clang | 1.2-3 | 81.87 | NOTE | |||
r-devel-linux-x86_64-fedora-gcc | 1.2-3 | 72.75 | OK | |||
r-patched-linux-x86_64 | 1.2-3 | 3.70 | 62.10 | 65.80 | OK | |
r-release-linux-x86_64 | 1.2-3 | 3.19 | 61.49 | 64.68 | OK | |
r-release-macos-arm64 | 1.2-3 | NOTE | ||||
r-release-macos-x86_64 | 1.2-3 | NOTE | ||||
r-release-windows-x86_64 | 1.2-3 | 28.00 | 92.00 | 120.00 | NOTE | |
r-oldrel-macos-arm64 | 1.2-3 | NOTE | ||||
r-oldrel-macos-x86_64 | 1.2-3 | NOTE | ||||
r-oldrel-windows-ix86+x86_64 | 1.2-3 | 9.00 | 74.00 | 83.00 | NOTE |
Version: 1.2-3
Check: installed package size
Result: NOTE
installed size is 11.6Mb
sub-directories of 1Mb or more:
data 11.4Mb
Flavors: r-devel-linux-x86_64-fedora-clang, r-release-macos-arm64, r-release-macos-x86_64, r-release-windows-x86_64, r-oldrel-macos-arm64, r-oldrel-macos-x86_64, r-oldrel-windows-ix86+x86_64