Last updated on 2022-04-24 03:52:42 CEST.
Flavor | Version | Tinstall | Tcheck | Ttotal | Status | Flags |
---|---|---|---|---|---|---|
r-devel-linux-x86_64-debian-clang | 0.0.1 | 2.20 | 37.59 | 39.79 | OK | |
r-devel-linux-x86_64-debian-gcc | 0.0.1 | 1.60 | 28.87 | 30.47 | OK | |
r-devel-linux-x86_64-fedora-clang | 0.0.1 | 48.53 | OK | |||
r-devel-linux-x86_64-fedora-gcc | 0.0.1 | 39.10 | OK | |||
r-patched-linux-x86_64 | 0.0.1 | 1.20 | 11.43 | 12.63 | ERROR | |
r-release-linux-x86_64 | 0.0.1 | 1.89 | 36.24 | 38.13 | OK | |
r-release-macos-arm64 | 0.0.1 | OK | ||||
r-release-macos-x86_64 | 0.0.1 | OK | ||||
r-release-windows-x86_64 | 0.0.1 | 6.00 | 53.00 | 59.00 | OK | |
r-oldrel-macos-arm64 | 0.0.1 | OK | ||||
r-oldrel-macos-x86_64 | 0.0.1 | OK | ||||
r-oldrel-windows-ix86+x86_64 | 0.0.1 | 5.00 | 40.00 | 45.00 | OK |
Version: 0.0.1
Check: whether package can be installed
Result: ERROR
Installation failed.
Flavor: r-patched-linux-x86_64