Last updated on 2022-04-24 03:52:42 CEST.
Flavor | Version | Tinstall | Tcheck | Ttotal | Status | Flags |
---|---|---|---|---|---|---|
r-devel-linux-x86_64-debian-clang | 1.6.0 | 11.27 | 315.22 | 326.49 | OK | |
r-devel-linux-x86_64-debian-gcc | 1.6.0 | 9.83 | 213.89 | 223.72 | OK | |
r-devel-linux-x86_64-fedora-clang | 1.6.0 | 383.76 | NOTE | |||
r-devel-linux-x86_64-fedora-gcc | 1.6.0 | 383.52 | OK | |||
r-patched-linux-x86_64 | 1.6.0 | 15.09 | 292.03 | 307.12 | OK | |
r-release-linux-x86_64 | 1.6.0 | 10.01 | 284.06 | 294.07 | OK | |
r-release-macos-arm64 | 1.6.0 | NOTE | ||||
r-release-macos-x86_64 | 1.6.0 | NOTE | ||||
r-release-windows-x86_64 | 1.6.0 | 48.00 | 345.00 | 393.00 | NOTE | |
r-oldrel-macos-arm64 | 1.6.0 | NOTE | ||||
r-oldrel-macos-x86_64 | 1.6.0 | NOTE | ||||
r-oldrel-windows-ix86+x86_64 | 1.6.0 | 18.00 | 352.00 | 370.00 | NOTE |
Version: 1.6.0
Check: installed package size
Result: NOTE
installed size is 6.3Mb
sub-directories of 1Mb or more:
doc 3.3Mb
extdata 2.4Mb
Flavors: r-devel-linux-x86_64-fedora-clang, r-release-macos-arm64, r-release-macos-x86_64, r-release-windows-x86_64, r-oldrel-macos-arm64, r-oldrel-macos-x86_64, r-oldrel-windows-ix86+x86_64
Version: 1.6.0
Check: package dependencies
Result: NOTE
Package suggested but not available for checking: ‘ROTS’
Flavors: r-release-macos-arm64, r-release-macos-x86_64, r-oldrel-macos-arm64, r-oldrel-macos-x86_64