Last updated on 2022-04-24 03:52:42 CEST.
Flavor | Version | Tinstall | Tcheck | Ttotal | Status | Flags |
---|---|---|---|---|---|---|
r-devel-linux-x86_64-debian-clang | 1.0.2 | 3.51 | 47.51 | 51.02 | NOTE | |
r-devel-linux-x86_64-debian-gcc | 1.0.2 | 3.96 | 35.91 | 39.87 | NOTE | |
r-devel-linux-x86_64-fedora-clang | 1.0.2 | 64.77 | NOTE | |||
r-devel-linux-x86_64-fedora-gcc | 1.0.2 | 54.33 | NOTE | |||
r-patched-linux-x86_64 | 1.0.2 | 7.78 | 46.30 | 54.08 | NOTE | |
r-release-linux-x86_64 | 1.0.2 | 3.38 | 45.19 | 48.57 | NOTE | |
r-release-macos-arm64 | 1.0.2 | NOTE | ||||
r-release-macos-x86_64 | 1.0.2 | NOTE | ||||
r-release-windows-x86_64 | 1.0.2 | 24.00 | 64.00 | 88.00 | NOTE | |
r-oldrel-macos-arm64 | 1.0.2 | NOTE | ||||
r-oldrel-macos-x86_64 | 1.0.2 | NOTE | ||||
r-oldrel-windows-ix86+x86_64 | 1.0.2 | 9.00 | 56.00 | 65.00 | NOTE |
Version: 1.0.2
Check: LazyData
Result: NOTE
'LazyData' is specified without a 'data' directory
Flavors: r-devel-linux-x86_64-debian-clang, r-devel-linux-x86_64-debian-gcc, r-devel-linux-x86_64-fedora-clang, r-devel-linux-x86_64-fedora-gcc, r-patched-linux-x86_64, r-release-linux-x86_64, r-release-macos-arm64, r-release-macos-x86_64, r-release-windows-x86_64, r-oldrel-macos-arm64, r-oldrel-macos-x86_64, r-oldrel-windows-ix86+x86_64
Version: 1.0.2
Check: package dependencies
Result: NOTE
Package suggested but not available for checking: ‘BiocParallel’
Flavors: r-release-macos-arm64, r-oldrel-macos-arm64