Last updated on 2022-04-24 03:52:42 CEST.
Flavor | Version | Tinstall | Tcheck | Ttotal | Status | Flags |
---|---|---|---|---|---|---|
r-devel-linux-x86_64-debian-clang | 1.0.1 | 24.62 | 77.55 | 102.17 | OK | |
r-devel-linux-x86_64-debian-gcc | 1.0.1 | 19.73 | 58.34 | 78.07 | OK | |
r-devel-linux-x86_64-fedora-clang | 1.0.1 | 132.30 | OK | |||
r-devel-linux-x86_64-fedora-gcc | 1.0.1 | 115.89 | OK | |||
r-patched-linux-x86_64 | 1.0.1 | 19.87 | 74.83 | 94.70 | OK | |
r-release-linux-x86_64 | 1.0.1 | 18.47 | 71.40 | 89.87 | OK | |
r-release-macos-arm64 | 1.0.1 | OK | ||||
r-release-macos-x86_64 | 1.0.1 | OK | ||||
r-release-windows-x86_64 | 1.0.1 | 62.00 | 110.00 | 172.00 | WARN | |
r-oldrel-macos-arm64 | 1.0.1 | OK | ||||
r-oldrel-macos-x86_64 | 1.0.1 | OK | ||||
r-oldrel-windows-ix86+x86_64 | 1.0.1 | 77.00 | 134.00 | 211.00 | OK |
Version: 1.0.1
Check: whether package can be installed
Result: WARN
Found the following significant warnings:
assp/asspfio.c:678:34: warning: ISO C does not support the 'I' printf flag [-Wformat=]
assp/asspfio.c:684:33: warning: ISO C does not support the 'I' printf flag [-Wformat=]
assp/asspfio.c:710:33: warning: ISO C does not support the 'I' printf flag [-Wformat=]
assp/asspfio.c:716:33: warning: ISO C does not support the 'I' printf flag [-Wformat=]
Flavor: r-release-windows-x86_64