Last updated on 2022-04-24 03:52:42 CEST.
Flavor | Version | Tinstall | Tcheck | Ttotal | Status | Flags |
---|---|---|---|---|---|---|
r-devel-linux-x86_64-debian-clang | 0.1.1 | 173.55 | 53.93 | 227.48 | OK | |
r-devel-linux-x86_64-debian-gcc | 0.1.1 | 138.40 | 41.35 | 179.75 | OK | |
r-devel-linux-x86_64-fedora-clang | 0.1.1 | 369.31 | NOTE | |||
r-devel-linux-x86_64-fedora-gcc | 0.1.1 | 309.30 | NOTE | |||
r-patched-linux-x86_64 | 0.1.1 | 133.91 | 52.08 | 185.99 | OK | |
r-release-linux-x86_64 | 0.1.1 | 111.71 | 51.13 | 162.84 | OK | |
r-release-macos-arm64 | 0.1.1 | NOTE | ||||
r-release-macos-x86_64 | 0.1.1 | NOTE | ||||
r-release-windows-x86_64 | 0.1.1 | 161.00 | 102.00 | 263.00 | OK | |
r-oldrel-macos-arm64 | 0.1.1 | NOTE | ||||
r-oldrel-macos-x86_64 | 0.1.1 | NOTE | ||||
r-oldrel-windows-ix86+x86_64 | 0.1.1 | 413.00 | 93.00 | 506.00 | OK |
Version: 0.1.1
Check: installed package size
Result: NOTE
installed size is 6.6Mb
sub-directories of 1Mb or more:
help 1.6Mb
libs 4.7Mb
Flavors: r-devel-linux-x86_64-fedora-clang, r-release-macos-arm64, r-release-macos-x86_64, r-oldrel-macos-arm64, r-oldrel-macos-x86_64
Version: 0.1.1
Check: dependencies in R code
Result: NOTE
Namespace in Imports field not imported from: ‘simts’
All declared Imports should be used.
Flavors: r-devel-linux-x86_64-fedora-clang, r-devel-linux-x86_64-fedora-gcc, r-release-macos-arm64, r-release-macos-x86_64, r-oldrel-macos-arm64, r-oldrel-macos-x86_64