Last updated on 2022-04-24 03:52:42 CEST.
Flavor | Version | Tinstall | Tcheck | Ttotal | Status | Flags |
---|---|---|---|---|---|---|
r-devel-linux-x86_64-debian-clang | 1.10.2 | 10.51 | 116.48 | 126.99 | NOTE | |
r-devel-linux-x86_64-debian-gcc | 1.10.2 | 10.86 | 87.48 | 98.34 | NOTE | |
r-devel-linux-x86_64-fedora-clang | 1.10.2 | 165.12 | NOTE | |||
r-devel-linux-x86_64-fedora-gcc | 1.10.2 | 151.71 | NOTE | |||
r-patched-linux-x86_64 | 1.10.2 | 9.45 | 115.19 | 124.64 | OK | |
r-release-linux-x86_64 | 1.10.2 | 12.76 | 112.09 | 124.85 | OK | |
r-release-macos-arm64 | 1.10.2 | OK | ||||
r-release-macos-x86_64 | 1.10.2 | OK | ||||
r-release-windows-x86_64 | 1.10.2 | 37.00 | 130.00 | 167.00 | OK | |
r-oldrel-macos-arm64 | 1.10.2 | OK | ||||
r-oldrel-macos-x86_64 | 1.10.2 | OK | ||||
r-oldrel-windows-ix86+x86_64 | 1.10.2 | 21.00 | 139.00 | 160.00 | OK |
Version: 1.10.2
Check: Rd files
Result: NOTE
checkRd: (7) file 'crossVal-methods.Rd': \item in \value must have non-empty label
checkRd: (7) file 'x12-methods.Rd': \item in \describe must have non-empty label
Flavors: r-devel-linux-x86_64-debian-clang, r-devel-linux-x86_64-debian-gcc, r-devel-linux-x86_64-fedora-clang, r-devel-linux-x86_64-fedora-gcc