Last updated on 2022-04-24 03:52:42 CEST.
Flavor | Version | Tinstall | Tcheck | Ttotal | Status | Flags |
---|---|---|---|---|---|---|
r-devel-linux-x86_64-debian-clang | 1.1.57-3 | 2.83 | 31.71 | 34.54 | OK | |
r-devel-linux-x86_64-debian-gcc | 1.1.57-3 | 2.43 | 24.82 | 27.25 | OK | |
r-devel-linux-x86_64-fedora-clang | 1.1.57-3 | 45.38 | NOTE | |||
r-devel-linux-x86_64-fedora-gcc | 1.1.57-3 | 33.97 | OK | |||
r-patched-linux-x86_64 | 1.1.57-3 | 2.85 | 30.42 | 33.27 | OK | |
r-release-linux-x86_64 | 1.1.57-3 | 2.77 | 31.22 | 33.99 | OK | |
r-release-macos-arm64 | 1.1.57-3 | NOTE | ||||
r-release-macos-x86_64 | 1.1.57-3 | NOTE | ||||
r-release-windows-x86_64 | 1.1.57-3 | 21.00 | 46.00 | 67.00 | OK | |
r-oldrel-macos-arm64 | 1.1.57-3 | NOTE | ||||
r-oldrel-macos-x86_64 | 1.1.57-3 | NOTE | ||||
r-oldrel-windows-ix86+x86_64 | 1.1.57-3 | 7.00 | 34.00 | 41.00 | OK |
Version: 1.1.57-3
Check: installed package size
Result: NOTE
installed size is 5.8Mb
sub-directories of 1Mb or more:
bin 5.7Mb
Flavors: r-devel-linux-x86_64-fedora-clang, r-release-macos-arm64, r-release-macos-x86_64, r-oldrel-macos-arm64, r-oldrel-macos-x86_64