Last updated on 2022-04-24 03:52:42 CEST.
Flavor | Version | Tinstall | Tcheck | Ttotal | Status | Flags |
---|---|---|---|---|---|---|
r-devel-linux-x86_64-debian-gcc | 0.1.1 | 14.36 | 114.72 | 129.08 | OK | |
r-devel-linux-x86_64-fedora-clang | 0.1.1 | 211.12 | NOTE | |||
r-devel-linux-x86_64-fedora-gcc | 0.1.1 | 196.63 | NOTE | |||
r-patched-linux-x86_64 | 0.1.1 | 22.99 | 148.57 | 171.56 | OK |
Version: 0.1.1
Check: dependencies in R code
Result: NOTE
Namespace in Imports field not imported from: ‘tcltk2’
All declared Imports should be used.
Flavors: r-devel-linux-x86_64-fedora-clang, r-devel-linux-x86_64-fedora-gcc