Last updated on 2022-04-24 03:52:42 CEST.
Flavor | Version | Tinstall | Tcheck | Ttotal | Status | Flags |
---|---|---|---|---|---|---|
r-devel-linux-x86_64-debian-clang | 1.7.8 | 12.58 | 108.78 | 121.36 | OK | |
r-devel-linux-x86_64-debian-gcc | 1.7.8 | 10.05 | 79.26 | 89.31 | OK | |
r-devel-linux-x86_64-fedora-clang | 1.7.8 | 148.84 | NOTE | |||
r-devel-linux-x86_64-fedora-gcc | 1.7.8 | 134.27 | OK | |||
r-patched-linux-x86_64 | 1.7.8 | 11.63 | 102.31 | 113.94 | OK | |
r-release-linux-x86_64 | 1.7.8 | 9.63 | 96.22 | 105.85 | OK | |
r-release-macos-arm64 | 1.7.8 | OK | ||||
r-release-macos-x86_64 | 1.7.8 | OK | ||||
r-release-windows-x86_64 | 1.7.8 | 27.00 | 114.00 | 141.00 | OK | |
r-oldrel-macos-arm64 | 1.7.8 | OK | ||||
r-oldrel-macos-x86_64 | 1.7.8 | OK | ||||
r-oldrel-windows-ix86+x86_64 | 1.7.8 | 25.00 | 109.00 | 134.00 | OK |
Version: 1.7.8
Check: Rd cross-references
Result: NOTE
Undeclared package ‘RSiena’ in Rd xrefs
Flavor: r-devel-linux-x86_64-fedora-clang