Last updated on 2022-04-24 03:52:42 CEST.
Flavor | Version | Tinstall | Tcheck | Ttotal | Status | Flags |
---|---|---|---|---|---|---|
r-devel-linux-x86_64-debian-clang | 1.6.0.1 | 412.87 | 345.72 | 758.59 | NOTE | |
r-devel-linux-x86_64-debian-gcc | 1.6.0.1 | 246.26 | 268.05 | 514.31 | NOTE | |
r-devel-linux-x86_64-fedora-clang | 1.6.0.1 | 1334.39 | NOTE | |||
r-devel-linux-x86_64-fedora-gcc | 1.6.0.1 | 853.22 | NOTE | |||
r-patched-linux-x86_64 | 1.6.0.1 | 263.88 | 342.23 | 606.11 | NOTE | |
r-release-linux-x86_64 | 1.6.0.1 | 256.10 | 309.90 | 566.00 | NOTE | |
r-release-macos-arm64 | 1.6.0.1 | NOTE | ||||
r-release-macos-x86_64 | 1.6.0.1 | NOTE | ||||
r-release-windows-x86_64 | 1.6.0.1 | 314.00 | 395.00 | 709.00 | NOTE | |
r-oldrel-macos-arm64 | 1.6.0.1 | NOTE | ||||
r-oldrel-macos-x86_64 | 1.6.0.1 | NOTE | ||||
r-oldrel-windows-ix86+x86_64 | 1.6.0.1 | 539.00 | 495.00 | 1034.00 | NOTE |
Version: 1.6.0.1
Check: for GNU extensions in Makefiles
Result: NOTE
GNU make is a SystemRequirements.
Flavors: r-devel-linux-x86_64-debian-clang, r-devel-linux-x86_64-debian-gcc, r-devel-linux-x86_64-fedora-clang, r-devel-linux-x86_64-fedora-gcc, r-patched-linux-x86_64, r-release-linux-x86_64, r-release-macos-arm64, r-release-macos-x86_64, r-release-windows-x86_64, r-oldrel-macos-arm64, r-oldrel-macos-x86_64, r-oldrel-windows-ix86+x86_64
Version: 1.6.0.1
Check: installed package size
Result: NOTE
installed size is 30.5Mb
sub-directories of 1Mb or more:
libs 29.6Mb
Flavors: r-devel-linux-x86_64-fedora-clang, r-release-macos-arm64, r-release-macos-x86_64, r-oldrel-macos-arm64, r-oldrel-macos-x86_64, r-oldrel-windows-ix86+x86_64