Last updated on 2022-04-24 03:52:42 CEST.
Flavor | Version | Tinstall | Tcheck | Ttotal | Status | Flags |
---|---|---|---|---|---|---|
r-devel-linux-x86_64-debian-clang | 0.6.1 | 4.72 | 40.92 | 45.64 | OK | |
r-devel-linux-x86_64-debian-gcc | 0.6.1 | 3.24 | 31.79 | 35.03 | OK | |
r-devel-linux-x86_64-fedora-clang | 0.6.1 | 57.49 | NOTE | |||
r-devel-linux-x86_64-fedora-gcc | 0.6.1 | 44.47 | OK | |||
r-patched-linux-x86_64 | 0.6.1 | 3.84 | 40.93 | 44.77 | OK | |
r-release-linux-x86_64 | 0.6.1 | 3.34 | 37.32 | 40.66 | OK | |
r-release-macos-arm64 | 0.6.1 | NOTE | ||||
r-release-macos-x86_64 | 0.6.1 | NOTE | ||||
r-release-windows-x86_64 | 0.6.1 | 18.00 | 55.00 | 73.00 | NOTE | |
r-oldrel-macos-arm64 | 0.6.1 | NOTE | ||||
r-oldrel-macos-x86_64 | 0.6.1 | NOTE | ||||
r-oldrel-windows-ix86+x86_64 | 0.6.1 | 9.00 | 48.00 | 57.00 | NOTE |
Version: 0.6.1
Check: installed package size
Result: NOTE
installed size is 10.8Mb
sub-directories of 1Mb or more:
java 10.7Mb
Flavors: r-devel-linux-x86_64-fedora-clang, r-release-macos-arm64, r-release-macos-x86_64, r-release-windows-x86_64, r-oldrel-macos-arm64, r-oldrel-macos-x86_64, r-oldrel-windows-ix86+x86_64