Last updated on 2022-04-24 03:52:42 CEST.
| Flavor | Version | Tinstall | Tcheck | Ttotal | Status | Flags | 
|---|---|---|---|---|---|---|
| r-devel-linux-x86_64-debian-clang | 1.3.3 | 14.47 | 51.57 | 66.04 | OK | |
| r-devel-linux-x86_64-debian-gcc | 1.3.3 | 10.16 | 39.63 | 49.79 | OK | |
| r-devel-linux-x86_64-fedora-clang | 1.3.3 | 99.99 | OK | |||
| r-devel-linux-x86_64-fedora-gcc | 1.3.3 | 76.08 | OK | |||
| r-patched-linux-x86_64 | 1.3.3 | 13.97 | 50.06 | 64.03 | OK | |
| r-release-linux-x86_64 | 1.3.3 | 13.44 | 48.19 | 61.63 | OK | |
| r-release-macos-arm64 | 1.3.3 | NOTE | ||||
| r-release-macos-x86_64 | 1.3.3 | NOTE | ||||
| r-release-windows-x86_64 | 1.3.3 | 21.00 | 7.00 | 28.00 | ERROR | |
| r-oldrel-macos-arm64 | 1.3.3 | NOTE | ||||
| r-oldrel-macos-x86_64 | 1.3.3 | NOTE | ||||
| r-oldrel-windows-ix86+x86_64 | 1.3.3 | 43.00 | 91.00 | 134.00 | OK | 
Version: 1.3.3
Check: installed package size
Result: NOTE
      installed size is  7.1Mb
      sub-directories of 1Mb or more:
        libs   6.7Mb
Flavors: r-release-macos-arm64, r-release-macos-x86_64, r-oldrel-macos-arm64, r-oldrel-macos-x86_64
Version: 1.3.3
Check: whether package can be installed
Result: ERROR
    Installation failed.
Flavor: r-release-windows-x86_64