Last updated on 2022-04-24 03:52:42 CEST.
Flavor | Version | Tinstall | Tcheck | Ttotal | Status | Flags |
---|---|---|---|---|---|---|
r-devel-linux-x86_64-debian-clang | 0.1.11 | 6.22 | 67.93 | 74.15 | OK | |
r-devel-linux-x86_64-debian-gcc | 0.1.11 | 5.75 | 51.67 | 57.42 | OK | |
r-devel-linux-x86_64-fedora-clang | 0.1.11 | 92.89 | OK | |||
r-devel-linux-x86_64-fedora-gcc | 0.1.11 | 83.17 | OK | |||
r-patched-linux-x86_64 | 0.1.11 | 7.25 | 64.10 | 71.35 | OK | |
r-release-linux-x86_64 | 0.1.11 | 6.36 | 65.56 | 71.92 | OK | |
r-release-macos-arm64 | 0.1.11 | NOTE | ||||
r-release-macos-x86_64 | 0.1.11 | NOTE | ||||
r-release-windows-x86_64 | 0.1.11 | 64.00 | 98.00 | 162.00 | OK | |
r-oldrel-macos-arm64 | 0.1.11 | NOTE | ||||
r-oldrel-macos-x86_64 | 0.1.11 | NOTE | ||||
r-oldrel-windows-ix86+x86_64 | 0.1.11 | 16.00 | 84.00 | 100.00 | OK |
Version: 0.1.11
Check: package dependencies
Result: NOTE
Packages suggested but not available for checking: 'ChemmineR', 'fmcsR'
Flavors: r-release-macos-arm64, r-release-macos-x86_64, r-oldrel-macos-arm64, r-oldrel-macos-x86_64