Last updated on 2022-04-24 03:52:42 CEST.
Flavor | Version | Tinstall | Tcheck | Ttotal | Status | Flags |
---|---|---|---|---|---|---|
r-devel-linux-x86_64-debian-clang | 0.2.0 | 11.86 | 95.28 | 107.14 | OK | |
r-devel-linux-x86_64-debian-gcc | 0.2.0 | 8.67 | 70.79 | 79.46 | OK | |
r-devel-linux-x86_64-fedora-clang | 0.2.0 | 134.16 | NOTE | |||
r-devel-linux-x86_64-fedora-gcc | 0.2.0 | 123.80 | NOTE | |||
r-patched-linux-x86_64 | 0.2.0 | 9.37 | 89.99 | 99.36 | OK | |
r-release-linux-x86_64 | 0.2.0 | 6.36 | 83.20 | 89.56 | OK | |
r-release-macos-arm64 | 0.2.0 | NOTE | ||||
r-release-macos-x86_64 | 0.2.0 | NOTE | ||||
r-release-windows-x86_64 | 0.2.0 | 45.00 | 107.00 | 152.00 | OK | |
r-oldrel-macos-arm64 | 0.2.0 | NOTE | ||||
r-oldrel-macos-x86_64 | 0.2.0 | NOTE | ||||
r-oldrel-windows-ix86+x86_64 | 0.2.0 | 25.00 | 99.00 | 124.00 | OK |
Version: 0.2.0
Check: dependencies in R code
Result: NOTE
Namespace in Imports field not imported from: ‘methods’
All declared Imports should be used.
Flavors: r-devel-linux-x86_64-fedora-clang, r-devel-linux-x86_64-fedora-gcc, r-release-macos-arm64, r-release-macos-x86_64, r-oldrel-macos-arm64, r-oldrel-macos-x86_64
Version: 0.2.0
Check: Rd cross-references
Result: NOTE
Undeclared package ‘readr’ in Rd xrefs
Flavor: r-devel-linux-x86_64-fedora-clang