Last updated on 2022-04-24 03:52:42 CEST.
Flavor | Version | Tinstall | Tcheck | Ttotal | Status | Flags |
---|---|---|---|---|---|---|
r-devel-linux-x86_64-debian-clang | 4.7.1 | 27.19 | 201.61 | 228.80 | NOTE | |
r-devel-linux-x86_64-debian-gcc | 4.7.1 | 20.97 | 146.26 | 167.23 | NOTE | |
r-devel-linux-x86_64-fedora-clang | 4.7.1 | 290.95 | NOTE | |||
r-devel-linux-x86_64-fedora-gcc | 4.7.1 | 276.23 | NOTE | |||
r-patched-linux-x86_64 | 4.7.1 | 30.37 | 189.70 | 220.07 | OK | |
r-release-linux-x86_64 | 4.7.1 | 16.88 | 183.42 | 200.30 | OK | |
r-release-macos-arm64 | 4.7.1 | OK | ||||
r-release-macos-x86_64 | 4.7.1 | OK | ||||
r-release-windows-x86_64 | 4.7.1 | 99.00 | 242.00 | 341.00 | OK | |
r-oldrel-macos-arm64 | 4.7.1 | OK | ||||
r-oldrel-macos-x86_64 | 4.7.1 | OK | ||||
r-oldrel-windows-ix86+x86_64 | 4.7.1 | 46.00 | 231.00 | 277.00 | OK |
Version: 4.7.1
Check: Rd files
Result: NOTE
checkRd: (7) file 'npc.coverage.Rd': \item in \describe must have non-empty label
Flavors: r-devel-linux-x86_64-debian-clang, r-devel-linux-x86_64-debian-gcc, r-devel-linux-x86_64-fedora-clang, r-devel-linux-x86_64-fedora-gcc