Last updated on 2022-04-24 03:52:42 CEST.
Flavor | Version | Tinstall | Tcheck | Ttotal | Status | Flags |
---|---|---|---|---|---|---|
r-devel-linux-x86_64-debian-clang | 0.1.7 | 119.07 | 68.72 | 187.79 | OK | |
r-devel-linux-x86_64-debian-gcc | 0.1.7 | 97.69 | 56.61 | 154.30 | OK | |
r-devel-linux-x86_64-fedora-clang | 0.1.7 | 272.89 | NOTE | |||
r-devel-linux-x86_64-fedora-gcc | 0.1.7 | 258.57 | OK | |||
r-patched-linux-x86_64 | 0.1.7 | 109.10 | 70.83 | 179.93 | OK | |
r-release-linux-x86_64 | 0.1.7 | 106.44 | 68.36 | 174.80 | OK | |
r-release-macos-arm64 | 0.1.7 | NOTE | ||||
r-release-macos-x86_64 | 0.1.7 | NOTE | ||||
r-release-windows-x86_64 | 0.1.7 | 93.00 | 120.00 | 213.00 | OK | |
r-oldrel-macos-arm64 | 0.1.7 | NOTE | ||||
r-oldrel-macos-x86_64 | 0.1.7 | NOTE | ||||
r-oldrel-windows-ix86+x86_64 | 0.1.7 | 224.00 | 143.00 | 367.00 | OK |
Version: 0.1.7
Check: installed package size
Result: NOTE
installed size is 22.1Mb
sub-directories of 1Mb or more:
libs 21.7Mb
Flavors: r-devel-linux-x86_64-fedora-clang, r-release-macos-arm64, r-release-macos-x86_64, r-oldrel-macos-arm64, r-oldrel-macos-x86_64