Last updated on 2022-04-24 03:52:42 CEST.
Flavor | Version | Tinstall | Tcheck | Ttotal | Status | Flags |
---|---|---|---|---|---|---|
r-devel-linux-x86_64-debian-clang | 1.4.3 | 25.97 | 40.32 | 66.29 | OK | |
r-devel-linux-x86_64-debian-gcc | 1.4.3 | 19.64 | 30.71 | 50.35 | OK | |
r-devel-linux-x86_64-fedora-clang | 1.4.3 | 97.03 | OK | |||
r-devel-linux-x86_64-fedora-gcc | 1.4.3 | 74.99 | OK | |||
r-patched-linux-x86_64 | 1.4.3 | 20.47 | 38.76 | 59.23 | OK | |
r-release-linux-x86_64 | 1.4.3 | 22.42 | 37.31 | 59.73 | OK | |
r-release-macos-arm64 | 1.4.3 | NOTE | ||||
r-release-macos-x86_64 | 1.4.3 | NOTE | ||||
r-release-windows-x86_64 | 1.4.3 | 40.00 | 85.00 | 125.00 | OK | |
r-oldrel-macos-arm64 | 1.4.3 | NOTE | ||||
r-oldrel-macos-x86_64 | 1.4.3 | NOTE | ||||
r-oldrel-windows-ix86+x86_64 | 1.4.3 | 72.00 | 86.00 | 158.00 | NOTE |
Version: 1.4.3
Check: installed package size
Result: NOTE
installed size is 6.8Mb
sub-directories of 1Mb or more:
libs 6.6Mb
Flavors: r-release-macos-arm64, r-release-macos-x86_64, r-oldrel-macos-arm64, r-oldrel-macos-x86_64, r-oldrel-windows-ix86+x86_64