Last updated on 2022-04-24 03:52:42 CEST.
Flavor | Version | Tinstall | Tcheck | Ttotal | Status | Flags |
---|---|---|---|---|---|---|
r-devel-linux-x86_64-debian-clang | 1.15 | 2.74 | 35.68 | 38.42 | NOTE | |
r-devel-linux-x86_64-debian-gcc | 1.15 | 1.77 | 27.73 | 29.50 | NOTE | |
r-devel-linux-x86_64-fedora-clang | 1.15 | 48.69 | NOTE | |||
r-devel-linux-x86_64-fedora-gcc | 1.15 | 37.00 | NOTE | |||
r-patched-linux-x86_64 | 1.15 | 2.26 | 33.64 | 35.90 | NOTE | |
r-release-linux-x86_64 | 1.15 | 2.68 | 33.40 | 36.08 | NOTE | |
r-release-macos-arm64 | 1.15 | OK | ||||
r-release-macos-x86_64 | 1.15 | OK | ||||
r-release-windows-x86_64 | 1.15 | 18.00 | 55.00 | 73.00 | OK | |
r-oldrel-macos-arm64 | 1.15 | OK | ||||
r-oldrel-macos-x86_64 | 1.15 | OK | ||||
r-oldrel-windows-ix86+x86_64 | 1.15 | 6.00 | 30.00 | 36.00 | OK |
Version: 1.15
Check: for non-standard things in the check directory
Result: NOTE
Found the following files/directories:
'OPT.csv' 'testTecan_defaultLiquid.csv' 'testTecan_setLiquid.csv'
Flavors: r-devel-linux-x86_64-debian-clang, r-devel-linux-x86_64-debian-gcc, r-devel-linux-x86_64-fedora-clang, r-devel-linux-x86_64-fedora-gcc, r-patched-linux-x86_64, r-release-linux-x86_64