Last updated on 2022-04-24 03:52:42 CEST.
Flavor | Version | Tinstall | Tcheck | Ttotal | Status | Flags |
---|---|---|---|---|---|---|
r-devel-linux-x86_64-debian-clang | 3.0.5 | 2.43 | 30.88 | 33.31 | OK | |
r-devel-linux-x86_64-debian-gcc | 3.0.5 | 1.95 | 23.54 | 25.49 | OK | |
r-devel-linux-x86_64-fedora-clang | 3.0.5 | 42.19 | NOTE | |||
r-devel-linux-x86_64-fedora-gcc | 3.0.5 | 30.06 | OK | |||
r-patched-linux-x86_64 | 3.0.5 | 2.35 | 29.42 | 31.77 | OK | |
r-release-linux-x86_64 | 3.0.5 | 2.18 | 29.21 | 31.39 | OK | |
r-release-macos-arm64 | 3.0.5 | OK | ||||
r-release-macos-x86_64 | 3.0.5 | OK | ||||
r-release-windows-x86_64 | 3.0.5 | 19.00 | 43.00 | 62.00 | OK | |
r-oldrel-macos-arm64 | 3.0.5 | OK | ||||
r-oldrel-macos-x86_64 | 3.0.5 | OK | ||||
r-oldrel-windows-ix86+x86_64 | 3.0.5 | 5.00 | 25.00 | 30.00 | OK |
Version: 3.0.5
Check: Rd cross-references
Result: NOTE
Undeclared package ‘RColorBrewer’ in Rd xrefs
Flavor: r-devel-linux-x86_64-fedora-clang