Last updated on 2022-04-24 03:52:42 CEST.
Flavor | Version | Tinstall | Tcheck | Ttotal | Status | Flags |
---|---|---|---|---|---|---|
r-devel-linux-x86_64-debian-clang | 0.1.0 | 10.12 | 135.29 | 145.41 | NOTE | |
r-devel-linux-x86_64-debian-gcc | 0.1.0 | 7.72 | 100.23 | 107.95 | NOTE | |
r-devel-linux-x86_64-fedora-clang | 0.1.0 | 178.28 | OK | |||
r-devel-linux-x86_64-fedora-gcc | 0.1.0 | 168.04 | OK | |||
r-patched-linux-x86_64 | 0.1.0 | 12.49 | 127.86 | 140.35 | NOTE | |
r-release-linux-x86_64 | 0.1.0 | 6.78 | 118.33 | 125.11 | NOTE | |
r-release-macos-arm64 | 0.1.0 | OK | ||||
r-release-macos-x86_64 | 0.1.0 | OK | ||||
r-release-windows-x86_64 | 0.1.0 | 18.00 | 153.00 | 171.00 | NOTE | |
r-oldrel-macos-arm64 | 0.1.0 | OK | ||||
r-oldrel-macos-x86_64 | 0.1.0 | OK | ||||
r-oldrel-windows-ix86+x86_64 | 0.1.0 | 21.00 | 136.00 | 157.00 | NOTE |
Version: 0.1.0
Check: package vignettes
Result: NOTE
Package vignette with placeholder title 'Vignette Title':
'vignette.Rmd'
Flavors: r-devel-linux-x86_64-debian-clang, r-devel-linux-x86_64-debian-gcc, r-patched-linux-x86_64, r-release-linux-x86_64, r-release-windows-x86_64, r-oldrel-windows-ix86+x86_64