Last updated on 2022-04-24 03:52:42 CEST.
Flavor | Version | Tinstall | Tcheck | Ttotal | Status | Flags |
---|---|---|---|---|---|---|
r-devel-linux-x86_64-debian-clang | 1.2.5 | 106.17 | 231.44 | 337.61 | OK | |
r-devel-linux-x86_64-debian-gcc | 1.2.5 | 71.52 | 156.49 | 228.01 | WARN | |
r-devel-linux-x86_64-fedora-clang | 1.2.5 | 444.33 | NOTE | |||
r-devel-linux-x86_64-fedora-gcc | 1.2.5 | 403.75 | WARN | |||
r-patched-linux-x86_64 | 1.2.5 | 60.96 | 218.85 | 279.81 | OK | |
r-release-linux-x86_64 | 1.2.5 | 51.01 | 215.99 | 267.00 | OK | |
r-release-macos-arm64 | 1.2.5 | NOTE | ||||
r-release-macos-x86_64 | 1.2.5 | NOTE | ||||
r-release-windows-x86_64 | 1.2.5 | 89.00 | 262.00 | 351.00 | NOTE | |
r-oldrel-macos-arm64 | 1.2.5 | NOTE | ||||
r-oldrel-macos-x86_64 | 1.2.5 | NOTE | ||||
r-oldrel-windows-ix86+x86_64 | 1.2.5 | 143.00 | 498.00 | 641.00 | NOTE |
Version: 1.2.5
Check: package dependencies
Result: WARN
Requires orphaned package: ‘circular’
Flavors: r-devel-linux-x86_64-debian-gcc, r-devel-linux-x86_64-fedora-gcc
Version: 1.2.5
Check: installed package size
Result: NOTE
installed size is 13.9Mb
sub-directories of 1Mb or more:
libs 11.9Mb
Flavors: r-devel-linux-x86_64-fedora-clang, r-release-macos-arm64, r-release-macos-x86_64, r-release-windows-x86_64, r-oldrel-macos-arm64, r-oldrel-macos-x86_64, r-oldrel-windows-ix86+x86_64