Last updated on 2022-04-24 03:52:42 CEST.
Flavor | Version | Tinstall | Tcheck | Ttotal | Status | Flags |
---|---|---|---|---|---|---|
r-devel-linux-x86_64-debian-clang | 0.1.0 | 4.14 | 58.10 | 62.24 | OK | |
r-devel-linux-x86_64-debian-gcc | 0.1.0 | 3.45 | 44.66 | 48.11 | OK | |
r-devel-linux-x86_64-fedora-clang | 0.1.0 | 78.73 | OK | |||
r-devel-linux-x86_64-fedora-gcc | 0.1.0 | 65.84 | OK | |||
r-patched-linux-x86_64 | 0.1.0 | 3.74 | 54.78 | 58.52 | OK | |
r-release-linux-x86_64 | 0.1.0 | 2.69 | 52.25 | 54.94 | OK | |
r-release-macos-arm64 | 0.1.0 | OK | ||||
r-release-macos-x86_64 | 0.1.0 | WARN | ||||
r-release-windows-x86_64 | 0.1.0 | 33.00 | 79.00 | 112.00 | OK | |
r-oldrel-macos-arm64 | 0.1.0 | OK | ||||
r-oldrel-macos-x86_64 | 0.1.0 | WARN | ||||
r-oldrel-windows-ix86+x86_64 | 0.1.0 | 11.00 | 67.00 | 78.00 | OK |
Version: 0.1.0
Check: package dependencies
Result: NOTE
Package suggested but not available for checking: ‘ggtree’
Flavors: r-release-macos-x86_64, r-oldrel-macos-x86_64
Version: 0.1.0
Check: re-building of vignette outputs
Result: WARN
Error(s) in re-building vignettes:
...
--- re-building ‘gammaproteobacteria.Rmd’ using rmarkdown
Warning in engine$weave(file, quiet = quiet, encoding = enc) :
Pandoc (>= 1.12.3) not available. Falling back to R Markdown v1.
Quitting from lines 24-27 (gammaproteobacteria.Rmd)
Error: processing vignette 'gammaproteobacteria.Rmd' failed with diagnostics:
there is no package called 'ggtree'
--- failed re-building ‘gammaproteobacteria.Rmd’
SUMMARY: processing the following file failed:
‘gammaproteobacteria.Rmd’
Error: Vignette re-building failed.
Execution halted
Flavors: r-release-macos-x86_64, r-oldrel-macos-x86_64