Last updated on 2022-04-24 03:52:42 CEST.
Flavor | Version | Tinstall | Tcheck | Ttotal | Status | Flags |
---|---|---|---|---|---|---|
r-devel-linux-x86_64-debian-clang | 2.0-3 | 3.85 | 55.77 | 59.62 | NOTE | |
r-devel-linux-x86_64-debian-gcc | 2.0-3 | 2.73 | 41.78 | 44.51 | NOTE | |
r-devel-linux-x86_64-fedora-clang | 2.0-3 | 73.63 | NOTE | |||
r-devel-linux-x86_64-fedora-gcc | 2.0-3 | 63.38 | NOTE | |||
r-patched-linux-x86_64 | 2.0-3 | 4.59 | 53.94 | 58.53 | NOTE | |
r-release-linux-x86_64 | 2.0-3 | 3.82 | 51.84 | 55.66 | NOTE | |
r-release-macos-arm64 | 2.0-3 | NOTE | ||||
r-release-macos-x86_64 | 2.0-3 | NOTE | ||||
r-release-windows-x86_64 | 2.0-3 | 16.00 | 68.00 | 84.00 | NOTE | |
r-oldrel-macos-arm64 | 2.0-3 | NOTE | ||||
r-oldrel-macos-x86_64 | 2.0-3 | NOTE | ||||
r-oldrel-windows-ix86+x86_64 | 2.0-3 | 7.00 | 64.00 | 71.00 | NOTE |
Version: 2.0-3
Check: LazyData
Result: NOTE
'LazyData' is specified without a 'data' directory
Flavors: r-devel-linux-x86_64-debian-clang, r-devel-linux-x86_64-debian-gcc, r-devel-linux-x86_64-fedora-clang, r-devel-linux-x86_64-fedora-gcc, r-patched-linux-x86_64, r-release-linux-x86_64, r-release-macos-arm64, r-release-macos-x86_64, r-release-windows-x86_64, r-oldrel-macos-arm64, r-oldrel-macos-x86_64, r-oldrel-windows-ix86+x86_64