Last updated on 2022-04-24 03:52:42 CEST.
| Flavor | Version | Tinstall | Tcheck | Ttotal | Status | Flags | 
|---|---|---|---|---|---|---|
| r-devel-linux-x86_64-debian-clang | 1.0 | 2.43 | 38.66 | 41.09 | NOTE | |
| r-devel-linux-x86_64-debian-gcc | 1.0 | 2.13 | 29.90 | 32.03 | NOTE | |
| r-devel-linux-x86_64-fedora-clang | 1.0 | 52.68 | NOTE | |||
| r-devel-linux-x86_64-fedora-gcc | 1.0 | 39.97 | NOTE | |||
| r-patched-linux-x86_64 | 1.0 | 2.04 | 37.87 | 39.91 | NOTE | |
| r-release-linux-x86_64 | 1.0 | 1.76 | 36.71 | 38.47 | NOTE | |
| r-release-macos-arm64 | 1.0 | NOTE | ||||
| r-release-macos-x86_64 | 1.0 | NOTE | ||||
| r-release-windows-x86_64 | 1.0 | 13.00 | 61.00 | 74.00 | NOTE | |
| r-oldrel-macos-arm64 | 1.0 | NOTE | ||||
| r-oldrel-macos-x86_64 | 1.0 | NOTE | ||||
| r-oldrel-windows-ix86+x86_64 | 1.0 | 6.00 | 47.00 | 53.00 | NOTE | 
Version: 1.0
Check: R code for possible problems
Result: NOTE
    kmeansN: no visible global function definition for 'kmeans'
    kmeansN: no visible global function definition for 'aggregate'
    kmeansN2: no visible global function definition for 'aggregate'
    kmeansN2: no visible binding for global variable 'sd'
    Undefined global functions or variables:
      aggregate kmeans sd
    Consider adding
      importFrom("stats", "aggregate", "kmeans", "sd")
    to your NAMESPACE file.
Flavors: r-devel-linux-x86_64-debian-clang, r-devel-linux-x86_64-debian-gcc, r-devel-linux-x86_64-fedora-clang, r-devel-linux-x86_64-fedora-gcc, r-patched-linux-x86_64, r-release-linux-x86_64, r-release-macos-arm64, r-release-macos-x86_64, r-release-windows-x86_64, r-oldrel-macos-arm64, r-oldrel-macos-x86_64, r-oldrel-windows-ix86+x86_64