Last updated on 2022-04-24 03:52:42 CEST.
Flavor | Version | Tinstall | Tcheck | Ttotal | Status | Flags |
---|---|---|---|---|---|---|
r-devel-linux-x86_64-debian-clang | 0.0.1 | 124.01 | 32.16 | 156.17 | OK | |
r-devel-linux-x86_64-debian-gcc | 0.0.1 | 104.87 | 24.75 | 129.62 | OK | |
r-devel-linux-x86_64-fedora-clang | 0.0.1 | 226.66 | OK | |||
r-devel-linux-x86_64-fedora-gcc | 0.0.1 | 220.93 | OK | |||
r-patched-linux-x86_64 | 0.0.1 | 123.73 | 30.32 | 154.05 | OK | |
r-release-linux-x86_64 | 0.0.1 | 126.52 | 30.11 | 156.63 | OK | |
r-release-macos-arm64 | 0.0.1 | NOTE | ||||
r-release-macos-x86_64 | 0.0.1 | WARN | --as-cran | |||
r-release-windows-x86_64 | 0.0.1 | 19.00 | 70.00 | 89.00 | OK | |
r-oldrel-macos-arm64 | 0.0.1 | NOTE | ||||
r-oldrel-macos-x86_64 | 0.0.1 | WARN | --as-cran | |||
r-oldrel-windows-ix86+x86_64 | 0.0.1 | 12.00 | 68.00 | 80.00 | OK |
Version: 0.0.1
Check: installed package size
Result: NOTE
installed size is 6.3Mb
sub-directories of 1Mb or more:
libs 6.2Mb
Flavors: r-release-macos-arm64, r-oldrel-macos-arm64
Version: 0.0.1
Flags: --as-cran
Check: CRAN incoming feasibility
Result: WARN
Maintainer: ‘Xianying Tan <shrektan@126.com>’
Insufficient package version (submitted: 0.0.1, existing: 0.0.1)
Days since last update: 1
Flavors: r-release-macos-x86_64, r-oldrel-macos-x86_64
Version: 0.0.1
Flags: --as-cran
Check: installed package size
Result: NOTE
installed size is 6.6Mb
sub-directories of 1Mb or more:
libs 6.5Mb
Flavors: r-release-macos-x86_64, r-oldrel-macos-x86_64
Version: 0.0.1
Flags: --as-cran
Check: top-level files
Result: WARN
A complete check needs the 'checkbashisms' script.
See section ‘Configure and cleanup’ in the ‘Writing R Extensions’
manual.
Files ‘README.md’ or ‘NEWS.md’ cannot be checked without ‘pandoc’ being installed.
Flavors: r-release-macos-x86_64, r-oldrel-macos-x86_64