Last updated on 2022-04-24 03:52:42 CEST.
Flavor | Version | Tinstall | Tcheck | Ttotal | Status | Flags |
---|---|---|---|---|---|---|
r-devel-linux-x86_64-debian-clang | 1.1.0 | 36.01 | 94.99 | 131.00 | OK | |
r-devel-linux-x86_64-debian-gcc | 1.1.0 | 31.87 | 73.47 | 105.34 | OK | |
r-devel-linux-x86_64-fedora-clang | 1.1.0 | 175.14 | NOTE | |||
r-devel-linux-x86_64-fedora-gcc | 1.1.0 | 158.35 | NOTE | |||
r-patched-linux-x86_64 | 1.1.0 | 34.79 | 90.38 | 125.17 | OK | |
r-release-linux-x86_64 | 1.1.0 | 32.30 | 86.86 | 119.16 | OK | |
r-release-macos-arm64 | 1.1.0 | NOTE | ||||
r-release-macos-x86_64 | 1.1.0 | NOTE | ||||
r-release-windows-x86_64 | 1.1.0 | 40.00 | 100.00 | 140.00 | OK | |
r-oldrel-macos-arm64 | 1.1.0 | NOTE | ||||
r-oldrel-macos-x86_64 | 1.1.0 | NOTE | ||||
r-oldrel-windows-ix86+x86_64 | 1.1.0 | 71.00 | 95.00 | 166.00 | OK |
Version: 1.1.0
Check: dependencies in R code
Result: NOTE
Namespace in Imports field not imported from: ‘spelling’
All declared Imports should be used.
Flavors: r-devel-linux-x86_64-fedora-clang, r-devel-linux-x86_64-fedora-gcc, r-release-macos-arm64, r-release-macos-x86_64, r-oldrel-macos-arm64, r-oldrel-macos-x86_64