Last updated on 2022-04-24 03:52:42 CEST.
Flavor | Version | Tinstall | Tcheck | Ttotal | Status | Flags |
---|---|---|---|---|---|---|
r-devel-linux-x86_64-debian-clang | 1.15.3 | 147.61 | 244.84 | 392.45 | WARN | |
r-devel-linux-x86_64-debian-gcc | 1.15.3 | 116.55 | 178.99 | 295.54 | OK | |
r-devel-linux-x86_64-fedora-clang | 1.15.3 | 615.81 | WARN | |||
r-devel-linux-x86_64-fedora-gcc | 1.15.3 | 572.73 | OK | |||
r-patched-linux-x86_64 | 1.15.3 | 131.76 | 235.18 | 366.94 | OK | |
r-release-linux-x86_64 | 1.15.3 | 135.08 | 227.38 | 362.46 | OK | |
r-release-macos-arm64 | 1.15.3 | NOTE | ||||
r-release-macos-x86_64 | 1.15.3 | NOTE | ||||
r-release-windows-x86_64 | 1.15.3 | 212.00 | 317.00 | 529.00 | OK | |
r-oldrel-macos-arm64 | 1.15.3 | NOTE | ||||
r-oldrel-macos-x86_64 | 1.15.3 | NOTE | ||||
r-oldrel-windows-ix86+x86_64 | 1.15.3 | 299.00 | 387.00 | 686.00 | NOTE |
Version: 1.15.3
Check: whether package can be installed
Result: WARN
Found the following significant warnings:
ae.cpp:8:10: warning: use of bitwise '|' with boolean operands [-Wbitwise-instead-of-logical]
Flavors: r-devel-linux-x86_64-debian-clang, r-devel-linux-x86_64-fedora-clang
Version: 1.15.3
Check: installed package size
Result: NOTE
installed size is 6.4Mb
sub-directories of 1Mb or more:
R 2.0Mb
libs 3.4Mb
Flavors: r-devel-linux-x86_64-fedora-clang, r-release-macos-arm64, r-release-macos-x86_64, r-oldrel-macos-arm64, r-oldrel-macos-x86_64, r-oldrel-windows-ix86+x86_64