Last updated on 2022-04-24 03:52:42 CEST.
Flavor | Version | Tinstall | Tcheck | Ttotal | Status | Flags |
---|---|---|---|---|---|---|
r-devel-linux-x86_64-debian-clang | 1.3.0 | 15.58 | 142.73 | 158.31 | OK | |
r-devel-linux-x86_64-debian-gcc | 1.3.0 | 14.10 | 104.65 | 118.75 | OK | |
r-devel-linux-x86_64-fedora-clang | 1.3.0 | 193.47 | NOTE | |||
r-devel-linux-x86_64-fedora-gcc | 1.3.0 | 2.77 | ERROR | |||
r-patched-linux-x86_64 | 1.3.0 | 12.91 | 130.92 | 143.83 | OK | |
r-release-linux-x86_64 | 1.3.0 | 15.40 | 123.67 | 139.07 | OK | |
r-release-macos-arm64 | 1.3.0 | NOTE | ||||
r-release-macos-x86_64 | 1.3.0 | NOTE | ||||
r-release-windows-x86_64 | 1.3.0 | 39.00 | 147.00 | 186.00 | OK | |
r-oldrel-macos-arm64 | 1.3.0 | NOTE | ||||
r-oldrel-macos-x86_64 | 1.3.0 | NOTE | ||||
r-oldrel-windows-ix86+x86_64 | 1.3.0 | 36.00 | 140.00 | 176.00 | OK |
Version: 1.3.0
Check: dependencies in R code
Result: NOTE
Namespace in Imports field not imported from: ‘ghyp’
All declared Imports should be used.
Flavors: r-devel-linux-x86_64-fedora-clang, r-release-macos-arm64, r-release-macos-x86_64, r-oldrel-macos-arm64, r-oldrel-macos-x86_64
Version: 1.3.0
Check: package dependencies
Result: ERROR
Package required but not available: ‘ghyp’
See section ‘The DESCRIPTION file’ in the ‘Writing R Extensions’
manual.
Flavor: r-devel-linux-x86_64-fedora-gcc