Last updated on 2022-04-24 03:52:42 CEST.
Flavor | Version | Tinstall | Tcheck | Ttotal | Status | Flags |
---|---|---|---|---|---|---|
r-devel-linux-x86_64-debian-clang | 0.4 | 3.36 | 38.17 | 41.53 | NOTE | |
r-devel-linux-x86_64-debian-gcc | 0.4 | 2.17 | 29.63 | 31.80 | NOTE | |
r-devel-linux-x86_64-fedora-clang | 0.4 | 52.85 | NOTE | |||
r-devel-linux-x86_64-fedora-gcc | 0.4 | 40.84 | NOTE | |||
r-patched-linux-x86_64 | 0.4 | 3.14 | 37.98 | 41.12 | NOTE | |
r-release-linux-x86_64 | 0.4 | 2.86 | 35.88 | 38.74 | NOTE | |
r-release-macos-arm64 | 0.4 | NOTE | ||||
r-release-macos-x86_64 | 0.4 | NOTE | ||||
r-release-windows-x86_64 | 0.4 | 27.00 | 54.00 | 81.00 | NOTE | |
r-oldrel-macos-arm64 | 0.4 | NOTE | ||||
r-oldrel-macos-x86_64 | 0.4 | NOTE | ||||
r-oldrel-windows-ix86+x86_64 | 0.4 | 7.00 | 48.00 | 55.00 | NOTE |
Version: 0.4
Check: DESCRIPTION meta-information
Result: NOTE
Malformed Description field: should contain one or more complete sentences.
Flavors: r-devel-linux-x86_64-debian-clang, r-devel-linux-x86_64-debian-gcc, r-devel-linux-x86_64-fedora-clang, r-devel-linux-x86_64-fedora-gcc, r-patched-linux-x86_64, r-release-linux-x86_64, r-release-macos-arm64, r-release-macos-x86_64, r-release-windows-x86_64, r-oldrel-macos-arm64, r-oldrel-macos-x86_64, r-oldrel-windows-ix86+x86_64